he remainder when 279 is divided by 70.
69
Calculate the remainder when 277 is divided by 120.
37
What is the remainder when 5012 is divided by 27?
17
What is the remainder when 236 is divided by 37?
14
What is the remainder when 111 is divided by 62?
49
Calculate the remainder when 145 is divided by 21.
19
What is the remainder when 674 is divided by 75?
74
Calculate the remainder when 4628 is divided by 29.
17
What is the remainder when 3905 is divided by 91?
83
Calculate the remainder when 11663 is divided by 24.
23
Calculate the remainder when 1002 is divided by 979.
23
Calculate the remainder when 31 is divided by 17.
14
Calculate the remainder when 210 is divided by 43.
38
Calculate the remainder when 37 is divided by 13.
11
Calculate the remainder when 322 is divided by 27.
25
Calculate the remainder when 1823 is divided by 21.
17
Calculate the remainder when 8265 is divided by 78.
75
Calculate the remainder when 340 is divided by 23.
18
What is the remainder when 2750 is divided by 4?
2
Calculate the remainder when 615 is divided by 210.
195
What is the remainder when 200 is divided by 56?
32
Calculate the remainder when 172 is divided by 53.
13
Calculate the remainder when 130 is divided by 20.
10
What is the remainder when 256 is divided by 4?
0
Calculate the remainder when 37 is divided by 7.
2
Calculate the remainder when 1527 is divided by 40.
7
What is the remainder when 2270 is divided by 230?
200
Calculate the remainder when 878 is divided by 220.
218
What is the remainder when 470 is divided by 233?
4
What is the remainder when 5143 is divided by 107?
7
Calculate the remainder when 118 is divided by 34.
16
Calculate the remainder when 210 is divided by 73.
64
Calculate the remainder when 149 is divided by 8.
5
What is the remainder when 10098 is divided by 91?
88
What is the remainder when 468 is divided by 331?
137
What is the remainder when 573 is divided by 274?
25
What is the remainder when 843 is divided by 46?
15
What is the remainder when 203 is divided by 58?
29
What is the remainder when 129 is divided by 28?
17
Calculate the remainder when 67 is divided by 61.
6
What is the remainder when 5287 is divided by 62?
17
What is the remainder when 1593 is divided by 17?
12
What is the remainder when 4943 is divided by 23?
21
What is the remainder when 50 is divided by 10?
0
Calculate the remainder when 135 is divided by 62.
11
Calculate the remainder when 118 is divided by 32.
22
What is the remainder when 400 is divided by 188?
24
What is the remainder when 2107 is divided by 517?
39
Calculate the remainder when 225 is divided by 34.
21
What is the remainder when 712 is divided by 224?
40
Calculate the remainder when 35000 is divided by 86.
84
Calculate the remainder when 266 is divided by 93.
80
Calculate the remainder when 471 is divided by 95.
91
What is the remainder when 78 is divided by 41?
37
What is the remainder when 1007 is divided by 16?
15
What is the remainder when 21 is divided by 8?
5
What is the remainder when 29 is divided by 21?
8
Calculate the remainder when 146 is divided by 4.
2
Calculate the remainder when 2759 is divided by 60.
59
What is the remainder when 2976 is divided by 129?
9
Calculate the remainder when 2031 is divided by 49.
22
What is the remainder when 736 is divided by 37?
33
What is the remainder when 168 is divided by 16?
8
What is the remainder when 316 is divided by 5?
1
What is the remainder when 85 is divided by 54?
31
What is the remainder when 159 is divided by 18?
15
What is the remainder when 254 is divided by 66?
56
What is the remainder when 510 is divided by 254?
2
Calculate the remainder when 2765 is divided by 248.
37
Calculate the remainder when 29 is divided by 26.
3
What is the remainder when 519 is divided by 130?
129
What is the remainder when 179 is divided by 20?
19
Calculate the remainder when 262 is divided by 44.
42
What is the remainder when 519 is divided by 130?
129
Calculate the remainder when 7 is divided by 4.
3
What is the remainder when 443 is divided by 144?
11
Calculate the remainder when 222 is divided by 25.
22
What is the remainder when 13205 is divided by 186?
185
What is the remainder when 473 is divided by 120?
113
Calculate the remainder when 906 is divided by 77.
59
What is the remainder when 409 is divided by 108?
85
Calculate the remainder when 51407 is divided by 216.
215
Calculate the remainder when 74 is divided by 5.
4
Calculate the remainder when 1346 is divided by 28.
2
What is the remainder when 1464 is divided by 163?
160
What is the remainder when 19227 is divided by 15?
12
What is the remainder when 940 is divided by 27?
22
Calculate the remainder when 40 is divided by 21.
19
What is the remainder when 472 is divided by 69?
58
What is the remainder when 217 is divided by 23?
10
What is the remainder when 261 is divided by 24?
21
What is the remainder when 145 is divided by 19?
12
Calculate the remainder when 356 is divided by 17.
16
What is the remainder when 2278 is divided by 1138?
2
Calculate the remainder when 210 is divided by 180.
30
Calculate the remainder when 357 is divided by 181.
176
Calculate the remainder when 1009 is divided by 101.
100
What is the remainder when 229 is divided by 34?
25
Calculate the remainder when 554 is divided by 187.
180
Calculate the remainder when 131 is divided by 44.
43
What is the remainder when 591 is divided by 99?
96
Calculate the remainder when 313 is divided by 17.
7
What is the remainder when 12429 is divided by 2071?
3
What is the remainder when 473 is divided by 19?
17
Calculate the remainder when 34 is divided by 11.
1
What is the remainder when 355 is divided by 20?
15
Calculate the remainder when 961 is divided by 135.
16
Calculate the remainder when 373 is divided by 25.
23
What is the remainder when 66 is divided by 14?
10
Calculate the remainder when 186 is divided by 34.
16
What is the remainder when 22641 is divided by 9?
6
Calculate the remainder when 380 is divided by 190.
0
Calculate the remainder when 37 is divided by 3.
1
Calculate the remainder when 316 is divided by 12.
4
Calculate the remainder when 717 is divided by 20.
17
What is the remainder when 264 is divided by 28?
12
Calculate the remainder when 706 is divided by 65.
56
Calculate the remainder when 412 is divided by 11.
5
Calculate the remainder when 662 is divided by 155.
42
Calculate the remainder when 67 is divided by 34.
33
Calculate the remainder when 252 is divided by 14.
0
What is the remainder when 48 is divided by 28?
20
What is the remainder when 5514 is divided by 197?
195
Calculate the remainder when 2921 is divided by 1456.
9
Calculate the remainder when 2711 is divided by 247.
241
What is the remainder when 144 is divided by 14?
4
What is the remainder when 768 is divided by 11?
9
Calculate the remainder when 139 is divided by 105.
34
What is the remainder when 796 is divided by 46?
14
Calculate the remainder when 822 is divided by 262.
36
Calculate the remainder when 308 is divided by 103.
102
What is the remainder when 57 is divided by 16?
9
Calculate the remainder when 5731 is divided by 122.
119
Calculate the remainder when 6270 is divided by 14.
12
What is the remainder when 1131 is divided by 104?
91
What is the remainder when 455 is divided by 293?
162
Calculate the remainder when 1294 is divided by 29.
18
What is the remainder when 5057 is divided by 220?
217
Calculate the remainder when 127 is divided by 50.
27
Calculate the remainder when 6159 is divided by 137.
131
Calculate the remainder when 515 is divided by 252.
11
Calculate the remainder when 2816 is divided by 10.
6
Calculate the remainder when 1441 is divided by 9.
1
What is the remainder when 1068 is divided by 17?
14
What is the remainder when 175 is divided by 30?
25
What is the remainder when 33 is divided by 12?
9
What is the remainder when 215 is divided by 12?
11
Calculate the remainder when 2155 is divided by 20.
15
Calculate the remainder when 278 is divided by 79.
41
What is the remainder when 1509 is divided by 14?
11
What is the remainder when 514 is divided by 26?
20
What is the remainder when 18 is divided by 14?
4
What is the remainder when 86 is divided by 11?
9
Calculate the remainder when 20 is divided by 12.